alculate the remainder when h is divided by c.
9
Let z = -37132 + 37305. Let w(b) = 46*b + 1. Calculate the remainder when z is divided by w(1).
32
Let p(x) = 5*x**3 + 304 - 299 + 2*x + x**3 + 2*x. Suppose 3*s = 4*s - 14. Calculate the remainder when p(3) is divided by s.
11
Let y = 2087 + -2071. Suppose -3*j + p - 129 - 141 = 0, 2*p - 449 = 5*j. Let g = j - -217. What is the remainder when g is divided by y?
14
Let m(k) = -19*k + 9*k + 29 + 2*k - k. Suppose 5*r - 43 = 4*y + 106, 3*r - 3*y = 87. Calculate the remainder when m(-4) is divided by r.
32
Suppose 200 = 4*i - 4*s, 191 = i + 3*i + 5*s. What is the remainder when (-1)/2 - 5265/(-18) is divided by i?
47
Let b = 347 - 347. Suppose b = v - 3*f - 132, 4*v - 4*f = -f + 537. What is the remainder when v is divided by 17?
16
Suppose -10*k + 105897 = -j, 149 - 135 = -2*j. What is the remainder when k is divided by 99?
95
Let r be 16 - (-1 + 1 - -1). Suppose r + 30 = 5*i. Suppose 130*j + 40*j - 4420 = 0. What is the remainder when j is divided by i?
8
Let d = -15822 - -15957. Calculate the remainder when 411 is divided by d.
6
Let y = 6877 + -3468. What is the remainder when y is divided by 9?
7
Let g(l) = -l**3 + 6*l**2 - 6*l + 1. Let a = -110 + 113. Calculate the remainder when 46 is divided by g(a).
6
Suppose 0 = -12*w + 41*w + 290. Calculate the remainder when (-1284)/w - (-44)/(-110) is divided by 43.
42
Let m = -29 + 30. Let h be m + -3 - -3 - 2. Calculate the remainder when (81/18)/(h/(-2)) is divided by 3.
0
Let x = -1411 + 4718. Calculate the remainder when x is divided by 13.
5
Suppose 0 = -2*f + 60 + 24. Suppose -49*o + 19*o - 6660 = 0. Let v = -211 - o. Calculate the remainder when f is divided by v.
9
Let m(i) = -2*i + 17. Let q be m(-9). Suppose -q*z + 29733 = -3237. Calculate the remainder when z is divided by 41.
40
Suppose 2902 = 11*b - 26421 - 35280. Calculate the remainder when b is divided by 1954.
11
Let a = -303 + 355. What is the remainder when 238 is divided by 190/3 - a/39?
52
Suppose -288 = -n - 3*n. Suppose -3*k + n = -k. Suppose -49*i + 8904 = 35*i. Calculate the remainder when i is divided by k.
34
Suppose 20 = c - 5*a, -2*c + 0*a - 5*a - 35 = 0. Let b(m) = -4*m**2 - 11*m - 16. Let z be b(c). Let q = z + 82. What is the remainder when 41 is divided by q?
20
Let a(m) = 29*m + 1. Suppose -c - 563 + 1724 = 3*b, -2*c = 3*b - 1161. What is the remainder when b is divided by a(1)?
27
Let z(f) = -f**3 + 5*f**2 - 5*f + 6. Let c be z(4). Let g(a) = 3*a**2 + a - 3. What is the remainder when 85 is divided by g(c)?
8
Suppose 2*l - 3*i = 3920, -91*l + 9823 = -86*l + 4*i. What is the remainder when l is divided by 140?
3
What is the remainder when 1/(-4) - (91637/(-212) - (7 - -2)) is divided by 26?
25
Let b = -16 + 13. Let q be 21 + (-8)/(-4) + b/1. Suppose 0 = -q*v + 18*v + 18. Calculate the remainder when 16 is divided by v.
7
Let t(q) = -q**3 - 4*q**2 + 7*q - 3. Let a be t(-5). Let l(z) = -91*z**3 - z**2 + z + 1. Calculate the remainder when l(-1) is divided by 15 - a - (9 + -4).
21
Let l = 263 - 259. Suppose -4*g + 369 = l*o - 219, 0 = -5*g. Calculate the remainder when o is divided by 38.
33
What is the remainder when 120/(-132)*(-13066)/4 - 6/11 is divided by 90?
89
Suppose -410 = -2*k - 3*k. Let u(m) = -69*m + 288. Calculate the remainder when k is divided by u(4).
10
Let q(t) = -43*t - 12. Calculate the remainder when 692 is divided by q(-4).
52
Let i(z) = 7*z**2 + 3320*z - 3298*z - 3*z**2 - 29. What is the remainder when 349 is divided by i(-7)?
11
Suppose -105*f + 3165 = -83*f - 11619. What is the remainder when f is divided by 45?
42
Let p = -19442 - -26575. Calculate the remainder when p is divided by 41.
40
Let s(r) = 3*r**2 - 36*r - 254. Calculate the remainder when s(31) is divided by 46.
41
Let t(s) = 5*s**2 - 5*s + 8. Let q be t(2). Suppose -q*b = -40*b + 440. Calculate the remainder when b is divided by 14.
6
Let a be 136/(-56) + 3/7. Let d be (-15)/(-10)*2 + (1 - a). Suppose d*b - 150 = -0*b. Calculate the remainder when 89 is divided by b.
14
What is the remainder when 454 is divided by 185*3/30*8?
10
Calculate the remainder when 3695 is divided by 66*1*(30/(-10))/(-5 - 1).
32
Let i(s) = 24*s - 144. Let y be i(6). Let c(v) = -2*v**3 + v + 204. Calculate the remainder when c(y) is divided by 41.
40
Suppose 241 = 6*j - 65. Suppose -2*k - 656 = -4*c, k = -2*c + j + 281. What is the remainder when c is divided by 17?
12
Let s(g) = 14*g**2 - 14*g + 18. Let w(t) = 26*t + 132. Let p be w(-5). What is the remainder when s(p) is divided by 25?
21
Suppose -32*d + 16311 = -10751 + 150. Calculate the remainder when d is divided by 37.
27
Let y(w) = -39*w - 13. Let j be y(-6). Suppose -12*t = -31 - j. Suppose 56 = -17*n + t*n. Calculate the remainder when 35 is divided by n.
7
Let n(t) = 46 - 4*t - 6*t - 81. What is the remainder when 7 is divided by n(-4)?
2
Let o(d) = d + 8. Let x be o(-11). What is the remainder when (-10 + -4)/(6 - 7) is divided by 2/x*(5 + -11)?
2
Suppose 39*a + 1350 = 9*a. Calculate the remainder when ((-24)/(-40))/((-3)/a) is divided by 2.
1
Let j(p) be the first derivative of -3*p**2/2 - 59*p - 1. Let z be j(-18). Calculate the remainder when 41 is divided by ((-4)/z)/(4/30).
5
Let d = -339 - -351. Suppose 3*z - d*z = -378. Calculate the remainder when 543 is divided by z.
39
Calculate the remainder when 154 is divided by (-2 - -6) + (5 - 17 - -31).
16
Let y = -2665 - -2703. What is the remainder when 149 is divided by y?
35
Let s(a) = -a**3 - 22*a**2 + 80*a + 1914. Calculate the remainder when 267 is divided by s(-22).
113
Suppose 23*p + 12044 - 12274 = 0. What is the remainder when 11248 is divided by p?
8
Suppose 5*k + 3*x - 548 = 0, -2*k - x + 106 = -112. Calculate the remainder when 2437 is divided by k.
105
Suppose 3*a - 117 = -4*c + 5*c, 0 = -4*a - 3*c + 169. Calculate the remainder when -21*(-11)/(308/a) is divided by 12.
6
Let i be 4/66 + 29750/(-825). Calculate the remainder when 270 is divided by i/21 + 2 + (-979)/(-77).
10
Let f = 10172 - 10123. What is the remainder when 154 is divided by f?
7
Calculate the remainder when ((-134538)/357)/((-3)/42) is divided by 11.
7
Suppose 156*t + 4*a + 6 = 155*t, -4*a = -4*t + 76. Calculate the remainder when 1061 is divided by t.
11
Let k(l) = -3*l**3 + 4*l**2 + 9*l + 20. Let f be k(-4). Let p = f + -222. Suppose 2*u = 4 + 10. What is the remainder when p is divided by u?
4
Suppose 0 = -10*s + 14*s - 644. Suppose -2*w - i = 2*i - 67, -5*w - i = -s. What is the remainder when w is divided by 2/4 - 276/(-24)?
8
Suppose 5*n + 47 = 684*z - 682*z, 0 = 2*z - 4*n - 42. Calculate the remainder when 3452 is divided by z.
9
Suppose 0 = -1314*o - 1330*o + 2656*o - 708. What is the remainder when 4914 is divided by o?
17
Let y(k) = 5*k + 6*k - 15 - 10*k. Let x be y(6). What is the remainder when 31 is divided by x/(-3) + (-2)/(-4)*10?
7
Suppose -30 = -3*k + 6*k. Let o(h) = h**2 + 8*h - 3. Let r = -127 - -136. Calculate the remainder when o(k) is divided by r.
8
Suppose 122 = 716*z - 711*z + 32. Suppose -g = 4*a - 2*a - 178, -a + 86 = -g. What is the remainder when a is divided by z?
16
Let i(h) = 2*h - 5. Suppose -13*l + 3*l = 90. Let k be i(l). Let t = -19 - k. What is the remainder when 11 is divided by t?
3
Let o be 312/(-42) - -7 - (-134)/(-14). What is the remainder when ((-12)/o)/(-7*(-2)/9135) is divided by 14?
13
Suppose 675 = 2*b + 39. What is the remainder when b is divided by (-125)/(-2) + (-1929)/(-1286)?
62
Let g = 29037 + -29012. Let v = 450 + -278. Calculate the remainder when v is divided by g.
22
Suppose -846 = -25*f - 9*f + 106. Calculate the remainder when 595 is divided by f.
7
What is the remainder when (-172813)/(-29) + (-206)/2987 is divided by 67?
63
Suppose -1335 - 975 = -5*c. Suppose 4*i - c = -2*x, -4*x + 924 = -23*i + 22*i. Calculate the remainder when x is divided by 47.
43
Let y(v) = 133*v - 77. Let x be y(7). Let p = -797 + x. What is the remainder when p is divided by 5?
2
Let r(o) = -o**2 + 41*o + 41. Let g be r(36). Suppose 16*s - g = 51. What is the remainder when 59 is divided by s?
8
Suppose -4*p - 8 = 8. Let c be 38/p - ((-15)/10 + 2). Calculate the remainder when 23 is divided by (2/3)/(c/(-180)).
11
Suppose -20*s + 7614 = 27*s. Calculate the remainder when 3238 is